{"id":1111,"date":"2022-08-08T15:44:55","date_gmt":"2022-08-08T15:44:55","guid":{"rendered":"https:\/\/cresanka.hr\/ueber-uns\/"},"modified":"2024-08-01T08:35:39","modified_gmt":"2024-08-01T08:35:39","slug":"ueber-uns","status":"publish","type":"page","link":"https:\/\/cresanka.hr\/de\/ueber-uns\/","title":{"rendered":"\u00dcber uns"},"content":{"rendered":"<p>[et_pb_section fb_built=&#8220;1&#8243; next_background_color=&#8220;#ffffff&#8220; module_class=&#8220;dh-valign-center-section&#8220; _builder_version=&#8220;4.18.0&#8243; background_color=&#8220;gcid-85037172-fba5-40c1-a92b-f6674d6e47fd&#8220; background_image=&#8220;https:\/\/cresanka.hr\/wp-content\/uploads\/2022\/08\/o-nama-cresanka.webp&#8220; background_position=&#8220;bottom_center&#8220; background_blend=&#8220;multiply&#8220; height=&#8220;80vh&#8220; height_tablet=&#8220;80vh&#8220; height_phone=&#8220;100vh&#8220; height_last_edited=&#8220;on|phone&#8220; bottom_divider_style=&#8220;asymmetric&#8220; bottom_divider_flip=&#8220;vertical|horizontal&#8220; bottom_divider_height_tablet=&#8220;&#8220; bottom_divider_height_phone=&#8220;50px&#8220; bottom_divider_height_last_edited=&#8220;on|phone&#8220; collapsed=&#8220;on&#8220; global_colors_info=&#8220;{%22gcid-85037172-fba5-40c1-a92b-f6674d6e47fd%22:%91%22background_color%22%93}&#8220;][et_pb_row _builder_version=&#8220;4.18.0&#8243; background_size=&#8220;initial&#8220; background_position=&#8220;top_left&#8220; background_repeat=&#8220;repeat&#8220; width=&#8220;55%&#8220; width_tablet=&#8220;55%&#8220; width_phone=&#8220;80%&#8220; width_last_edited=&#8220;on|phone&#8220; global_colors_info=&#8220;{}&#8220;][et_pb_column type=&#8220;4_4&#8243; _builder_version=&#8220;4.16&#8243; custom_padding=&#8220;|||&#8220; global_colors_info=&#8220;{}&#8220; custom_padding__hover=&#8220;|||&#8220;][et_pb_text _builder_version=&#8220;4.18.0&#8243; text_text_color=&#8220;#FFFFFF&#8220; header_font=&#8220;|300|||||||&#8220; header_text_color=&#8220;#FFFFFF&#8220; header_font_size=&#8220;4em&#8220; header_letter_spacing=&#8220;1px&#8220; header_4_font=&#8220;||||||||&#8220; header_4_text_color=&#8220;#FFFFFF&#8220; header_4_letter_spacing=&#8220;1px&#8220; header_4_line_height=&#8220;1.8em&#8220; header_5_text_color=&#8220;#FFFFFF&#8220; header_5_letter_spacing=&#8220;0.5px&#8220; header_5_line_height=&#8220;1.8em&#8220; header_6_font=&#8220;|800||on|||||&#8220; header_6_text_align=&#8220;left&#8220; header_6_text_color=&#8220;#FFFFFF&#8220; header_6_font_size=&#8220;1em&#8220; header_6_letter_spacing=&#8220;4px&#8220; header_6_line_height=&#8220;2em&#8220; background_size=&#8220;initial&#8220; background_position=&#8220;top_left&#8220; background_repeat=&#8220;repeat&#8220; header_5_font_size_tablet=&#8220;&#8220; header_5_font_size_phone=&#8220;1.2em&#8220; header_5_font_size_last_edited=&#8220;on|phone&#8220; header_5_line_height_tablet=&#8220;1.8em&#8220; header_5_line_height_phone=&#8220;1.4em&#8220; header_5_line_height_last_edited=&#8220;on|phone&#8220; global_colors_info=&#8220;{}&#8220;]<\/p>\n<h6>\u00dcber uns<\/h6>\n<h5>Mehr als 50 Jahre Tradition und Arbeit im Tourismus haben das Unternehmen Cresanka zu einem f\u00fchrenden Anbieter im Tourismusverkehr auf der Insel Cres gemacht.<\/h5>\n<p>[\/et_pb_text][\/et_pb_column][\/et_pb_row][\/et_pb_section][et_pb_section fb_built=&#8220;1&#8243; _builder_version=&#8220;4.18.0&#8243; _module_preset=&#8220;default&#8220; custom_padding=&#8220;0px||||false|false&#8220; collapsed=&#8220;on&#8220; global_colors_info=&#8220;{}&#8220;][et_pb_row column_structure=&#8220;3_4,1_4&#8243; _builder_version=&#8220;4.18.0&#8243; _module_preset=&#8220;default&#8220; width=&#8220;55%&#8220; width_tablet=&#8220;55%&#8220; width_phone=&#8220;80%&#8220; width_last_edited=&#8220;on|phone&#8220; border_color_bottom=&#8220;gcid-85037172-fba5-40c1-a92b-f6674d6e47fd&#8220; global_colors_info=&#8220;{%22gcid-85037172-fba5-40c1-a92b-f6674d6e47fd%22:%91%22border_color_bottom%22%93}&#8220;][et_pb_column type=&#8220;3_4&#8243; _builder_version=&#8220;4.18.0&#8243; _module_preset=&#8220;default&#8220; global_colors_info=&#8220;{}&#8220;][et_pb_text _builder_version=&#8220;4.18.0&#8243; _module_preset=&#8220;default&#8220; text_text_color=&#8220;#000000&#8243; text_letter_spacing=&#8220;0.5px&#8220; header_4_letter_spacing=&#8220;1px&#8220; header_4_line_height=&#8220;2em&#8220; global_colors_info=&#8220;{}&#8220;]<\/p>\n<p>Wir folgen modernen Trends und Anforderungen des Tourismusmarktes und pflegen gleichzeitig die jahrhundertealte Tradition von Cres und autochthone Elemente, die diese Insel und ihre Bewohner so besonders machen.<\/p>\n<p>Nur f\u00fcr Sie arbeiten wir st\u00e4ndig daran, die Qualit\u00e4t und die F\u00fclle unserer Dienstleistungen zu verbessern, um sicherzustellen, dass jeder Gast inmitten der mediterranen Vegetation mit Blick auf das kristallklare Meer die Aktivit\u00e4ten findet, die seinen Urlaub am meisten bereichern.<\/p>\n<p>Unser Wunsch ist es, dass Sie voller neuer Erfahrungen von der Insel zur\u00fcckkehren. Unsere Mission ist es, Ihnen durch die Vorteile der nat\u00fcrlichen Umgebung und des autochthonen Ambientes von Cres eine v\u00f6llig neue Sicht aufs Leben zu erm\u00f6glichen.<\/p>\n<p>Wir bauen Wettbewerbsf\u00e4higkeit auf Spitzenqualit\u00e4t basierend auf nat\u00fcrlichen Ressourcen und der Integration autochthoner Details in Ihre Erfahrung. Wir sind zu einer Eco-Friendly-Oase geworden, in der alles dem Erhalt der nat\u00fcrlichen Ressourcen, der menschlichen Gesundheit und dem Wohlbefinden untergeordnet ist, um alle Sinne zu aktivieren.<\/p>\n<p>[\/et_pb_text][et_pb_text _builder_version=&#8220;4.18.0&#8243; _module_preset=&#8220;default&#8220; text_text_color=&#8220;#000000&#8243; text_font_size=&#8220;2em&#8220; custom_margin=&#8220;100px||||false|false&#8220; text_line_height_tablet=&#8220;&#8220; text_line_height_phone=&#8220;1.4em&#8220; text_line_height_last_edited=&#8220;on|phone&#8220; global_colors_info=&#8220;{}&#8220;]<\/p>\n<p><em>Tauchen Sie ein in eine lebensver\u00e4ndernde Erfahrung <\/em><\/p>\n<p>[\/et_pb_text][\/et_pb_column][et_pb_column type=&#8220;1_4&#8243; _builder_version=&#8220;4.18.0&#8243; _module_preset=&#8220;default&#8220; global_colors_info=&#8220;{}&#8220;][\/et_pb_column][\/et_pb_row][\/et_pb_section][et_pb_section fb_built=&#8220;1&#8243; module_id=&#8220;Gesellschaft&#8220; _builder_version=&#8220;4.18.0&#8243; _module_preset=&#8220;default&#8220; collapsed=&#8220;off&#8220; global_colors_info=&#8220;{}&#8220;][et_pb_row column_structure=&#8220;3_4,1_4&#8243; _builder_version=&#8220;4.18.0&#8243; _module_preset=&#8220;default&#8220; width=&#8220;55%&#8220; width_tablet=&#8220;55%&#8220; width_phone=&#8220;80%&#8220; width_last_edited=&#8220;on|phone&#8220; border_color_bottom=&#8220;gcid-85037172-fba5-40c1-a92b-f6674d6e47fd&#8220; locked=&#8220;off&#8220; collapsed=&#8220;off&#8220; global_colors_info=&#8220;{%22gcid-85037172-fba5-40c1-a92b-f6674d6e47fd%22:%91%22border_color_bottom%22%93}&#8220;][et_pb_column type=&#8220;3_4&#8243; _builder_version=&#8220;4.18.0&#8243; _module_preset=&#8220;default&#8220; global_colors_info=&#8220;{}&#8220;][et_pb_text content_tablet=&#8220;<\/p>\n<h1>Angaben zum Unternehmen<\/h1>\n<div class=%22content_wrap content30%22>\n<p><strong>Cresanka dd<br \/> Aktiengesellschaft f\u00fcr Gastronomie, Tourismus und Handel <\/strong><\/p>\n<p><strong>Identit\u00e4tsnummer<\/strong> : 3044122<br \/><strong>OIB<\/strong> : 47639427219<br \/><strong>Registergericht<\/strong> : Handelsgericht in Rijeka<br \/><strong>Hauptsitz<\/strong> : Cres (Stadt Cres)<br \/>Varozina 25<br \/><strong>Rechtsform<\/strong> : Aktiengesellschaft<br \/><strong>Grundkapital<\/strong> : 10.316.168,00 \u20ac<br \/><strong>Girokonto &#8211; IBAN:<\/strong> HR0824020061100386896 \/ Erste Steierm\u00e4rkische Bank dd.<\/p>\n<p><strong>Vorsitzender des Aufsichtsrats<\/strong> :<br \/> Lino Sin\u010di\u0107<\/p>\n<p><strong>Aufsichtsratsmitglieder:<br \/><\/strong> Andretta Mario<br \/> Andretta Marco<br \/> Marchesan Francesco<br \/> Benedetti Maurizio<\/p>\n<p><strong>Vertretungsberechtigte Person:<br \/><\/strong> Stevo Filini\u0107<\/p>\n<\/div>\n<p>&#8220; content_phone=&#8220;<\/p>\n<h1>Angaben zum Unternehmen<\/h1>\n<div class=%22content_wrap content30%22>\n<p><strong><br \/>Cresanka dd<br \/> Aktiengesellschaft f\u00fcr Gastronomie, Tourismus und Handel <\/strong><\/p>\n<p><strong>Identit\u00e4tsnummer<\/strong> : 3044122<br \/> <strong>OIB<\/strong> : 47639427219<br \/> <strong>Registergericht<\/strong> : Handelsgericht in Rijeka<br \/> <strong>Hauptsitz<\/strong> : Cres (Stadt Cres)<br \/> Varozina 25<br \/> <strong>Rechtsform<\/strong> : Aktiengesellschaft<br \/> <strong>Grundkapital<\/strong> : 54.188.860,00 HRK<br \/> <strong>Girokonto &#8211; IBAN:<\/strong> HR0824020061100386896 \/ Erste Steierm\u00e4rkische Bank dd.<\/p>\n<p><strong>Vorsitzender des Aufsichtsrats<\/strong> :<br \/> Lino Sin\u010di\u0107<\/p>\n<p><strong>Aufsichtsratsmitglieder:<br \/><\/strong> Andretta Mario<br \/> Andretta Marco<br \/> Marchesan Francesco<br \/> Benedetti Maurizio<\/p>\n<p><strong>Vertretungsberechtigte Person:<br \/><\/strong> Stevo Filini\u0107<\/p>\n<\/div>\n<p>&#8220; content_last_edited=&#8220;on|phone&#8220; _builder_version=&#8220;4.27.0&#8243; _module_preset=&#8220;default&#8220; text_text_color=&#8220;#000000&#8243; text_letter_spacing=&#8220;0.5px&#8220; header_4_letter_spacing=&#8220;1px&#8220; header_4_line_height=&#8220;2em&#8220; hover_enabled=&#8220;0&#8243; global_colors_info=&#8220;{}&#8220; sticky_enabled=&#8220;0&#8243;]<\/p>\n<h1>Angaben zum Unternehmen<\/h1>\n<div class=\"content_wrap content30\">\n<p><strong>Cresanka dd<br \/> Aktiengesellschaft f\u00fcr Gastronomie, Tourismus und Handel <\/strong><\/p>\n<p><strong>Identit\u00e4tsnummer<\/strong> : 3044122<br \/> <strong>OIB<\/strong> : 47639427219<br \/> <strong>Registergericht<\/strong> : Handelsgericht in Rijeka<br \/> <strong>Hauptsitz<\/strong> : Cres (Stadt Cres)<br \/> Varozina 25<br \/> <strong>Rechtsform<\/strong> : Aktiengesellschaft<br \/> <strong>Grundkapital<\/strong> : 10.316.168,00 \u20ac<br \/> <strong>Girokonto &#8211; IBAN:<\/strong> HR0824020061100386896 \/ Erste Steierm\u00e4rkische Bank dd.<\/p>\n<p><strong>Vorsitzender des Aufsichtsrats<\/strong> :<br \/> Lino Sin\u010di\u0107<\/p>\n<p><strong>Aufsichtsratsmitglieder:<br \/><\/strong> Andretta Mario<br \/> Andretta Marco<br \/> Marchesan Francesco<br \/> Andretta Massimiliano<\/p>\n<p><strong>Vertretungsberechtigte Person:<br \/><\/strong> Stevo Filini\u0107<\/p>\n<\/div>\n<p>[\/et_pb_text][\/et_pb_column][et_pb_column type=&#8220;1_4&#8243; _builder_version=&#8220;4.18.0&#8243; _module_preset=&#8220;default&#8220; global_colors_info=&#8220;{}&#8220;][\/et_pb_column][\/et_pb_row][\/et_pb_section]<\/p>\n","protected":false},"excerpt":{"rendered":"<p>\u00dcber uns Mehr als 50 Jahre Tradition und Arbeit im Tourismus haben das Unternehmen Cresanka zu einem f\u00fchrenden Anbieter im Tourismusverkehr auf der Insel Cres gemacht.Wir folgen modernen Trends und Anforderungen des Tourismusmarktes und pflegen gleichzeitig die jahrhundertealte Tradition von Cres und autochthone Elemente, die diese Insel und ihre Bewohner so besonders machen. Nur f\u00fcr Sie arbeiten wir st\u00e4ndig daran, die Qualit\u00e4t und die F\u00fclle unserer Dienstleistungen zu verbessern, um sicherzustellen, dass jeder Gast inmitten der mediterranen Vegetation mit Blick auf das kristallklare Meer die Aktivit\u00e4ten findet, die seinen Urlaub am meisten bereichern. Unser Wunsch ist es, dass Sie voller neuer Erfahrungen von der Insel zur\u00fcckkehren. Unsere Mission ist es, Ihnen durch die Vorteile der nat\u00fcrlichen Umgebung und des autochthonen Ambientes von Cres eine v\u00f6llig neue Sicht aufs Leben zu erm\u00f6glichen. Wir bauen Wettbewerbsf\u00e4higkeit auf Spitzenqualit\u00e4t basierend auf nat\u00fcrlichen Ressourcen und der Integration autochthoner Details in Ihre Erfahrung. Wir sind zu einer Eco-Friendly-Oase geworden, in der alles dem Erhalt der nat\u00fcrlichen Ressourcen, der menschlichen Gesundheit und dem Wohlbefinden untergeordnet ist, um alle Sinne zu aktivieren.Tauchen Sie ein in eine lebensver\u00e4ndernde Erfahrung Angaben zum Unternehmen Cresanka dd Aktiengesellschaft f\u00fcr Gastronomie, Tourismus und Handel Identit\u00e4tsnummer : 3044122 OIB : 47639427219 Registergericht : [&hellip;]<\/p>\n","protected":false},"author":1,"featured_media":0,"parent":0,"menu_order":0,"comment_status":"closed","ping_status":"closed","template":"","meta":{"_et_pb_use_builder":"on","_et_pb_old_content":"","_et_gb_content_width":"","footnotes":""},"class_list":["post-1111","page","type-page","status-publish","hentry"],"_links":{"self":[{"href":"https:\/\/cresanka.hr\/de\/wp-json\/wp\/v2\/pages\/1111","targetHints":{"allow":["GET"]}}],"collection":[{"href":"https:\/\/cresanka.hr\/de\/wp-json\/wp\/v2\/pages"}],"about":[{"href":"https:\/\/cresanka.hr\/de\/wp-json\/wp\/v2\/types\/page"}],"author":[{"embeddable":true,"href":"https:\/\/cresanka.hr\/de\/wp-json\/wp\/v2\/users\/1"}],"replies":[{"embeddable":true,"href":"https:\/\/cresanka.hr\/de\/wp-json\/wp\/v2\/comments?post=1111"}],"version-history":[{"count":15,"href":"https:\/\/cresanka.hr\/de\/wp-json\/wp\/v2\/pages\/1111\/revisions"}],"predecessor-version":[{"id":2160,"href":"https:\/\/cresanka.hr\/de\/wp-json\/wp\/v2\/pages\/1111\/revisions\/2160"}],"wp:attachment":[{"href":"https:\/\/cresanka.hr\/de\/wp-json\/wp\/v2\/media?parent=1111"}],"curies":[{"name":"wp","href":"https:\/\/api.w.org\/{rel}","templated":true}]}}

Über uns

<p>[et_pb_section fb_built=&#8220;1&#8243; next_background_color=&#8220;#ffffff&#8220; module_class=&#8220;dh-valign-center-section&#8220; _builder_version=&#8220;4.18.0&#8243; background_color=&#8220;gcid-85037172-fba5-40c1-a92b-f6674d6e47fd&#8220; background_image=&#8220;https://cresanka.hr/wp-content/uploads/2022/08/o-nama-cresanka.webp&#8220; background_position=&#8220;bottom_center&#8220; background_blend=&#8220;multiply&#8220; height=&#8220;80vh&#8220; height_tablet=&#8220;80vh&#8220; height_phone=&#8220;100vh&#8220; height_last_edited=&#8220;on|phone&#8220; bottom_divider_style=&#8220;asymmetric&#8220; bottom_divider_flip=&#8220;vertical|horizontal&#8220; bottom_divider_height_tablet=&#8220;&#8220; bottom_divider_height_phone=&#8220;50px&#8220; bottom_divider_height_last_edited=&#8220;on|phone&#8220; collapsed=&#8220;on&#8220; global_colors_info=&#8220;{%22gcid-85037172-fba5-40c1-a92b-f6674d6e47fd%22:%91%22background_color%22%93}&#8220;][et_pb_row _builder_version=&#8220;4.18.0&#8243; background_size=&#8220;initial&#8220; background_position=&#8220;top_left&#8220; background_repeat=&#8220;repeat&#8220; width=&#8220;55%&#8220; width_tablet=&#8220;55%&#8220; width_phone=&#8220;80%&#8220; width_last_edited=&#8220;on|phone&#8220; global_colors_info=&#8220;{}&#8220;][et_pb_column type=&#8220;4_4&#8243; _builder_version=&#8220;4.16&#8243; custom_padding=&#8220;|||&#8220; global_colors_info=&#8220;{}&#8220; custom_padding__hover=&#8220;|||&#8220;][et_pb_text _builder_version=&#8220;4.18.0&#8243; text_text_color=&#8220;#FFFFFF&#8220; header_font=&#8220;|300|||||||&#8220; header_text_color=&#8220;#FFFFFF&#8220; header_font_size=&#8220;4em&#8220; header_letter_spacing=&#8220;1px&#8220; header_4_font=&#8220;||||||||&#8220; header_4_text_color=&#8220;#FFFFFF&#8220; header_4_letter_spacing=&#8220;1px&#8220; header_4_line_height=&#8220;1.8em&#8220; header_5_text_color=&#8220;#FFFFFF&#8220; header_5_letter_spacing=&#8220;0.5px&#8220; header_5_line_height=&#8220;1.8em&#8220; header_6_font=&#8220;|800||on|||||&#8220; header_6_text_align=&#8220;left&#8220; header_6_text_color=&#8220;#FFFFFF&#8220; header_6_font_size=&#8220;1em&#8220; header_6_letter_spacing=&#8220;4px&#8220; header_6_line_height=&#8220;2em&#8220; background_size=&#8220;initial&#8220; background_position=&#8220;top_left&#8220; background_repeat=&#8220;repeat&#8220; header_5_font_size_tablet=&#8220;&#8220; header_5_font_size_phone=&#8220;1.2em&#8220; header_5_font_size_last_edited=&#8220;on|phone&#8220; header_5_line_height_tablet=&#8220;1.8em&#8220; header_5_line_height_phone=&#8220;1.4em&#8220; header_5_line_height_last_edited=&#8220;on|phone&#8220; global_colors_info=&#8220;{}&#8220;]</p>
<h6>Über uns</h6>
<h5>Mehr als 50 Jahre Tradition und Arbeit im Tourismus haben das Unternehmen Cresanka zu einem führenden Anbieter im Tourismusverkehr auf der Insel Cres gemacht.</h5>
<p>[/et_pb_text][/et_pb_column][/et_pb_row][/et_pb_section][et_pb_section fb_built=&#8220;1&#8243; _builder_version=&#8220;4.18.0&#8243; _module_preset=&#8220;default&#8220; custom_padding=&#8220;0px||||false|false&#8220; collapsed=&#8220;on&#8220; global_colors_info=&#8220;{}&#8220;][et_pb_row column_structure=&#8220;3_4,1_4&#8243; _builder_version=&#8220;4.18.0&#8243; _module_preset=&#8220;default&#8220; width=&#8220;55%&#8220; width_tablet=&#8220;55%&#8220; width_phone=&#8220;80%&#8220; width_last_edited=&#8220;on|phone&#8220; border_color_bottom=&#8220;gcid-85037172-fba5-40c1-a92b-f6674d6e47fd&#8220; global_colors_info=&#8220;{%22gcid-85037172-fba5-40c1-a92b-f6674d6e47fd%22:%91%22border_color_bottom%22%93}&#8220;][et_pb_column type=&#8220;3_4&#8243; _builder_version=&#8220;4.18.0&#8243; _module_preset=&#8220;default&#8220; global_colors_info=&#8220;{}&#8220;][et_pb_text _builder_version=&#8220;4.18.0&#8243; _module_preset=&#8220;default&#8220; text_text_color=&#8220;#000000&#8243; text_letter_spacing=&#8220;0.5px&#8220; header_4_letter_spacing=&#8220;1px&#8220; header_4_line_height=&#8220;2em&#8220; global_colors_info=&#8220;{}&#8220;]</p>
<p>Wir folgen modernen Trends und Anforderungen des Tourismusmarktes und pflegen gleichzeitig die jahrhundertealte Tradition von Cres und autochthone Elemente, die diese Insel und ihre Bewohner so besonders machen.</p>
<p>Nur für Sie arbeiten wir ständig daran, die Qualität und die Fülle unserer Dienstleistungen zu verbessern, um sicherzustellen, dass jeder Gast inmitten der mediterranen Vegetation mit Blick auf das kristallklare Meer die Aktivitäten findet, die seinen Urlaub am meisten bereichern.</p>
<p>Unser Wunsch ist es, dass Sie voller neuer Erfahrungen von der Insel zurückkehren. Unsere Mission ist es, Ihnen durch die Vorteile der natürlichen Umgebung und des autochthonen Ambientes von Cres eine völlig neue Sicht aufs Leben zu ermöglichen.</p>
<p>Wir bauen Wettbewerbsfähigkeit auf Spitzenqualität basierend auf natürlichen Ressourcen und der Integration autochthoner Details in Ihre Erfahrung. Wir sind zu einer Eco-Friendly-Oase geworden, in der alles dem Erhalt der natürlichen Ressourcen, der menschlichen Gesundheit und dem Wohlbefinden untergeordnet ist, um alle Sinne zu aktivieren.</p>
<p>[/et_pb_text][et_pb_text _builder_version=&#8220;4.18.0&#8243; _module_preset=&#8220;default&#8220; text_text_color=&#8220;#000000&#8243; text_font_size=&#8220;2em&#8220; custom_margin=&#8220;100px||||false|false&#8220; text_line_height_tablet=&#8220;&#8220; text_line_height_phone=&#8220;1.4em&#8220; text_line_height_last_edited=&#8220;on|phone&#8220; global_colors_info=&#8220;{}&#8220;]</p>
<p><em>Tauchen Sie ein in eine lebensverändernde Erfahrung </em></p>
<p>[/et_pb_text][/et_pb_column][et_pb_column type=&#8220;1_4&#8243; _builder_version=&#8220;4.18.0&#8243; _module_preset=&#8220;default&#8220; global_colors_info=&#8220;{}&#8220;][/et_pb_column][/et_pb_row][/et_pb_section][et_pb_section fb_built=&#8220;1&#8243; module_id=&#8220;Gesellschaft&#8220; _builder_version=&#8220;4.18.0&#8243; _module_preset=&#8220;default&#8220; collapsed=&#8220;off&#8220; global_colors_info=&#8220;{}&#8220;][et_pb_row column_structure=&#8220;3_4,1_4&#8243; _builder_version=&#8220;4.18.0&#8243; _module_preset=&#8220;default&#8220; width=&#8220;55%&#8220; width_tablet=&#8220;55%&#8220; width_phone=&#8220;80%&#8220; width_last_edited=&#8220;on|phone&#8220; border_color_bottom=&#8220;gcid-85037172-fba5-40c1-a92b-f6674d6e47fd&#8220; locked=&#8220;off&#8220; collapsed=&#8220;off&#8220; global_colors_info=&#8220;{%22gcid-85037172-fba5-40c1-a92b-f6674d6e47fd%22:%91%22border_color_bottom%22%93}&#8220;][et_pb_column type=&#8220;3_4&#8243; _builder_version=&#8220;4.18.0&#8243; _module_preset=&#8220;default&#8220; global_colors_info=&#8220;{}&#8220;][et_pb_text content_tablet=&#8220;</p>
<h1>Angaben zum Unternehmen</h1>
<div class=%22content_wrap content30%22>
<p><strong>Cresanka dd<br /> Aktiengesellschaft für Gastronomie, Tourismus und Handel </strong></p>
<p><strong>Identitätsnummer</strong> : 3044122<br /><strong>OIB</strong> : 47639427219<br /><strong>Registergericht</strong> : Handelsgericht in Rijeka<br /><strong>Hauptsitz</strong> : Cres (Stadt Cres)<br />Varozina 25<br /><strong>Rechtsform</strong> : Aktiengesellschaft<br /><strong>Grundkapital</strong> : 10.316.168,00 €<br /><strong>Girokonto &#8211; IBAN:</strong> HR0824020061100386896 / Erste Steiermärkische Bank dd.</p>
<p><strong>Vorsitzender des Aufsichtsrats</strong> :<br /> Lino Sinčić</p>
<p><strong>Aufsichtsratsmitglieder:<br /></strong> Andretta Mario<br /> Andretta Marco<br /> Marchesan Francesco<br /> Benedetti Maurizio</p>
<p><strong>Vertretungsberechtigte Person:<br /></strong> Stevo Filinić</p>
</div>
<p>&#8220; content_phone=&#8220;</p>
<h1>Angaben zum Unternehmen</h1>
<div class=%22content_wrap content30%22>
<p><strong><br />Cresanka dd<br /> Aktiengesellschaft für Gastronomie, Tourismus und Handel </strong></p>
<p><strong>Identitätsnummer</strong> : 3044122<br /> <strong>OIB</strong> : 47639427219<br /> <strong>Registergericht</strong> : Handelsgericht in Rijeka<br /> <strong>Hauptsitz</strong> : Cres (Stadt Cres)<br /> Varozina 25<br /> <strong>Rechtsform</strong> : Aktiengesellschaft<br /> <strong>Grundkapital</strong> : 54.188.860,00 HRK<br /> <strong>Girokonto &#8211; IBAN:</strong> HR0824020061100386896 / Erste Steiermärkische Bank dd.</p>
<p><strong>Vorsitzender des Aufsichtsrats</strong> :<br /> Lino Sinčić</p>
<p><strong>Aufsichtsratsmitglieder:<br /></strong> Andretta Mario<br /> Andretta Marco<br /> Marchesan Francesco<br /> Benedetti Maurizio</p>
<p><strong>Vertretungsberechtigte Person:<br /></strong> Stevo Filinić</p>
</div>
<p>&#8220; content_last_edited=&#8220;on|phone&#8220; _builder_version=&#8220;4.27.0&#8243; _module_preset=&#8220;default&#8220; text_text_color=&#8220;#000000&#8243; text_letter_spacing=&#8220;0.5px&#8220; header_4_letter_spacing=&#8220;1px&#8220; header_4_line_height=&#8220;2em&#8220; hover_enabled=&#8220;0&#8243; global_colors_info=&#8220;{}&#8220; sticky_enabled=&#8220;0&#8243;]</p>
<h1>Angaben zum Unternehmen</h1>
<div class="content_wrap content30">
<p><strong>Cresanka dd<br /> Aktiengesellschaft für Gastronomie, Tourismus und Handel </strong></p>
<p><strong>Identitätsnummer</strong> : 3044122<br /> <strong>OIB</strong> : 47639427219<br /> <strong>Registergericht</strong> : Handelsgericht in Rijeka<br /> <strong>Hauptsitz</strong> : Cres (Stadt Cres)<br /> Varozina 25<br /> <strong>Rechtsform</strong> : Aktiengesellschaft<br /> <strong>Grundkapital</strong> : 10.316.168,00 €<br /> <strong>Girokonto &#8211; IBAN:</strong> HR0824020061100386896 / Erste Steiermärkische Bank dd.</p>
<p><strong>Vorsitzender des Aufsichtsrats</strong> :<br /> Lino Sinčić</p>
<p><strong>Aufsichtsratsmitglieder:<br /></strong> Andretta Mario<br /> Andretta Marco<br /> Marchesan Francesco<br /> Andretta Massimiliano</p>
<p><strong>Vertretungsberechtigte Person:<br /></strong> Stevo Filinić</p>
</div>
<p>[/et_pb_text][/et_pb_column][et_pb_column type=&#8220;1_4&#8243; _builder_version=&#8220;4.18.0&#8243; _module_preset=&#8220;default&#8220; global_colors_info=&#8220;{}&#8220;][/et_pb_column][/et_pb_row][/et_pb_section]</p>

<p>Über uns Mehr als 50 Jahre Tradition und Arbeit im Tourismus haben das Unternehmen Cresanka zu einem führenden Anbieter im Tourismusverkehr auf der Insel Cres gemacht.Wir folgen modernen Trends und Anforderungen des Tourismusmarktes und pflegen gleichzeitig die jahrhundertealte Tradition von Cres und autochthone Elemente, die diese Insel und ihre Bewohner so besonders machen. Nur für Sie arbeiten wir ständig daran, die Qualität und die Fülle unserer Dienstleistungen zu verbessern, um sicherzustellen, dass jeder Gast inmitten der mediterranen Vegetation mit Blick auf das kristallklare Meer die Aktivitäten findet, die seinen Urlaub am meisten bereichern. Unser Wunsch ist es, dass Sie voller neuer Erfahrungen von der Insel zurückkehren. Unsere Mission ist es, Ihnen durch die Vorteile der natürlichen Umgebung und des autochthonen Ambientes von Cres eine völlig neue Sicht aufs Leben zu ermöglichen. Wir bauen Wettbewerbsfähigkeit auf Spitzenqualität basierend auf natürlichen Ressourcen und der Integration autochthoner Details in Ihre Erfahrung. Wir sind zu einer Eco-Friendly-Oase geworden, in der alles dem Erhalt der natürlichen Ressourcen, der menschlichen Gesundheit und dem Wohlbefinden untergeordnet ist, um alle Sinne zu aktivieren.Tauchen Sie ein in eine lebensverändernde Erfahrung Angaben zum Unternehmen Cresanka dd Aktiengesellschaft für Gastronomie, Tourismus und Handel Identitätsnummer : 3044122 OIB : 47639427219 Registergericht : [&hellip;]</p>
