{"id":1174,"date":"2022-08-08T15:44:55","date_gmt":"2022-08-08T15:44:55","guid":{"rendered":"https:\/\/cresanka.hr\/chi-siamo\/"},"modified":"2024-08-01T08:34:57","modified_gmt":"2024-08-01T08:34:57","slug":"chi-siamo","status":"publish","type":"page","link":"https:\/\/cresanka.hr\/it\/chi-siamo\/","title":{"rendered":"Chi siamo"},"content":{"rendered":"<p>[et_pb_section fb_built=&#8221;1&#8243; next_background_color=&#8221;#ffffff&#8221; module_class=&#8221;dh-valign-center-section&#8221; _builder_version=&#8221;4.18.0&#8243; background_color=&#8221;gcid-85037172-fba5-40c1-a92b-f6674d6e47fd&#8221; background_image=&#8221;https:\/\/cresanka.hr\/wp-content\/uploads\/2022\/08\/o-nama-cresanka.webp&#8221; background_position=&#8221;bottom_center&#8221; background_blend=&#8221;multiply&#8221; height=&#8221;80vh&#8221; height_tablet=&#8221;80vh&#8221; height_phone=&#8221;100vh&#8221; height_last_edited=&#8221;on|phone&#8221; bottom_divider_style=&#8221;asymmetric&#8221; bottom_divider_flip=&#8221;vertical|horizontal&#8221; bottom_divider_height_tablet=&#8221;&#8221; bottom_divider_height_phone=&#8221;50px&#8221; bottom_divider_height_last_edited=&#8221;on|phone&#8221; collapsed=&#8221;on&#8221; global_colors_info=&#8221;{%22gcid-85037172-fba5-40c1-a92b-f6674d6e47fd%22:%91%22background_color%22%93}&#8221;][et_pb_row _builder_version=&#8221;4.18.0&#8243; background_size=&#8221;initial&#8221; background_position=&#8221;top_left&#8221; background_repeat=&#8221;repeat&#8221; width=&#8221;55%&#8221; width_tablet=&#8221;55%&#8221; width_phone=&#8221;80%&#8221; width_last_edited=&#8221;on|phone&#8221; global_colors_info=&#8221;{}&#8221;][et_pb_column type=&#8221;4_4&#8243; _builder_version=&#8221;4.16&#8243; custom_padding=&#8221;|||&#8221; global_colors_info=&#8221;{}&#8221; custom_padding__hover=&#8221;|||&#8221;][et_pb_text _builder_version=&#8221;4.18.0&#8243; text_text_color=&#8221;#FFFFFF&#8221; header_font=&#8221;|300|||||||&#8221; header_text_color=&#8221;#FFFFFF&#8221; header_font_size=&#8221;4em&#8221; header_letter_spacing=&#8221;1px&#8221; header_4_font=&#8221;||||||||&#8221; header_4_text_color=&#8221;#FFFFFF&#8221; header_4_letter_spacing=&#8221;1px&#8221; header_4_line_height=&#8221;1.8em&#8221; header_5_text_color=&#8221;#FFFFFF&#8221; header_5_letter_spacing=&#8221;0.5px&#8221; header_5_line_height=&#8221;1.8em&#8221; header_6_font=&#8221;|800||on|||||&#8221; header_6_text_align=&#8221;left&#8221; header_6_text_color=&#8221;#FFFFFF&#8221; header_6_font_size=&#8221;1em&#8221; header_6_letter_spacing=&#8221;4px&#8221; header_6_line_height=&#8221;2em&#8221; background_size=&#8221;initial&#8221; background_position=&#8221;top_left&#8221; background_repeat=&#8221;repeat&#8221; header_5_font_size_tablet=&#8221;&#8221; header_5_font_size_phone=&#8221;1.2em&#8221; header_5_font_size_last_edited=&#8221;on|phone&#8221; header_5_line_height_tablet=&#8221;1.8em&#8221; header_5_line_height_phone=&#8221;1.4em&#8221; header_5_line_height_last_edited=&#8221;on|phone&#8221; global_colors_info=&#8221;{}&#8221;]<\/p>\n<h6>Chi siamo<\/h6>\n<h5>Con oltre 50 anni di tradizione e attivit\u00e0 nel settore del turismo, la societ\u00e0 Cresanka \u00e8 stata il precursore dei viaggi turistici sull\u2019isola di Cherso (Cres).<\/h5>\n<p>[\/et_pb_text][\/et_pb_column][\/et_pb_row][\/et_pb_section][et_pb_section fb_built=&#8221;1&#8243; _builder_version=&#8221;4.18.0&#8243; _module_preset=&#8221;default&#8221; custom_padding=&#8221;0px||||false|false&#8221; collapsed=&#8221;on&#8221; global_colors_info=&#8221;{}&#8221;][et_pb_row column_structure=&#8221;3_4,1_4&#8243; _builder_version=&#8221;4.18.0&#8243; _module_preset=&#8221;default&#8221; width=&#8221;55%&#8221; width_tablet=&#8221;55%&#8221; width_phone=&#8221;80%&#8221; width_last_edited=&#8221;on|phone&#8221; border_color_bottom=&#8221;gcid-85037172-fba5-40c1-a92b-f6674d6e47fd&#8221; global_colors_info=&#8221;{%22gcid-85037172-fba5-40c1-a92b-f6674d6e47fd%22:%91%22border_color_bottom%22%93}&#8221;][et_pb_column type=&#8221;3_4&#8243; _builder_version=&#8221;4.18.0&#8243; _module_preset=&#8221;default&#8221; global_colors_info=&#8221;{}&#8221;][et_pb_text _builder_version=&#8221;4.18.0&#8243; _module_preset=&#8221;default&#8221; text_text_color=&#8221;#000000&#8243; text_letter_spacing=&#8221;0.5px&#8221; header_4_letter_spacing=&#8221;1px&#8221; header_4_line_height=&#8221;2em&#8221; global_colors_info=&#8221;{}&#8221;]<\/p>\n<p>Seguiamo le tendenze e le esigenze attuali del mercato turistico, ma al contempo coltiviamo la secolare tradizione chersina e gli elementi autoctoni che rendono quest\u2019isola e i suoi abitanti cos\u00ec speciali.<\/p>\n<p>Lavoriamo ininterrottamente per migliorare la qualit\u00e0 e la ricchezza dei nostri servizi, adoperandoci affinch\u00e9 ogni ospite trovi, tra le piante mediterranee con la vista sul mare cristallino, proprio quelle attivit\u00e0 che arricchiranno al meglio le sue vacanze.<\/p>\n<p>Desideriamo che dall\u2019isola rientriate pieni di nuove esperienze. La nostra missione \u00e8 quella di donarvi, grazie ai benefici del paesaggio naturale e dell\u2019ambiente autoctono di Cherso, una visione completamente nuova della vita.<\/p>\n<p>La nostra crescente competitivit\u00e0 \u00e8 dovuta anche all\u2019eccellente qualit\u00e0 basata sulle risorse naturali e sull\u2019integrazione di dettagli autoctoni nella vostra esperienza. Inoltre, siamo diventati un\u2019oasi eco-friendly dove tutto \u00e8 adibito alla salvaguardia delle risorse naturali, della salute della persona e del benessere, allo scopo di risvegliare tutti i sensi umani.<\/p>\n<p>[\/et_pb_text][et_pb_text _builder_version=&#8221;4.18.0&#8243; _module_preset=&#8221;default&#8221; text_text_color=&#8221;#000000&#8243; text_font_size=&#8221;2em&#8221; custom_margin=&#8221;100px||||false|false&#8221; text_line_height_tablet=&#8221;&#8221; text_line_height_phone=&#8221;1.4em&#8221; text_line_height_last_edited=&#8221;on|phone&#8221; global_colors_info=&#8221;{}&#8221;]<\/p>\n<p><em>Immergetevi in un\u2019esperienza che vi cambier\u00e0 la vita <\/em><\/p>\n<p>[\/et_pb_text][\/et_pb_column][et_pb_column type=&#8221;1_4&#8243; _builder_version=&#8221;4.18.0&#8243; _module_preset=&#8221;default&#8221; global_colors_info=&#8221;{}&#8221;][\/et_pb_column][\/et_pb_row][\/et_pb_section][et_pb_section fb_built=&#8221;1&#8243; module_id=&#8221;Azienda&#8221; _builder_version=&#8221;4.18.0&#8243; _module_preset=&#8221;default&#8221; collapsed=&#8221;off&#8221; global_colors_info=&#8221;{}&#8221;][et_pb_row column_structure=&#8221;3_4,1_4&#8243; _builder_version=&#8221;4.18.0&#8243; _module_preset=&#8221;default&#8221; width=&#8221;55%&#8221; width_tablet=&#8221;55%&#8221; width_phone=&#8221;80%&#8221; width_last_edited=&#8221;on|phone&#8221; border_color_bottom=&#8221;gcid-85037172-fba5-40c1-a92b-f6674d6e47fd&#8221; locked=&#8221;off&#8221; collapsed=&#8221;off&#8221; global_colors_info=&#8221;{%22gcid-85037172-fba5-40c1-a92b-f6674d6e47fd%22:%91%22border_color_bottom%22%93}&#8221;][et_pb_column type=&#8221;3_4&#8243; _builder_version=&#8221;4.18.0&#8243; _module_preset=&#8221;default&#8221; global_colors_info=&#8221;{}&#8221;][et_pb_text content_tablet=&#8221;<\/p>\n<h1>Informazioni sull\u2019azienda<\/h1>\n<div class=%22content_wrap content30%22>\n<p><strong>Crea\u0161anka dd<br \/> Societ\u00e0 per azioni della ristorazione, del turismo e del commercio <\/strong><\/p>\n<p><strong>Numero identificativo<\/strong> : 3044122<br \/> <strong>OIB<\/strong> : 47639427219<br \/> <strong>Tribunale del registro<\/strong> : Tribunale commerciale di Fiume<br \/> <strong>Sede centrale<\/strong> : Cres (Citt\u00e0 di Cres)<br \/> Varozina 25<br \/> <strong>Forma giuridica<\/strong> : societ\u00e0 per azioni<br \/> <strong>Capitale di base<\/strong> : 54.188.860,00 HRK<br \/> <strong>Conto Giro &#8211; IBAN:<\/strong> HR0824020061100386896 \/ Erste Steierm\u00e4rkische bank dd.<\/p>\n<p><strong>Presidente del Consiglio di Sorveglianza<\/strong> :<br \/> Lino Sincic<\/p>\n<p><strong>Membri del consiglio di sorveglianza:<br \/><\/strong> Andrea Mario<br \/> Andrea Marco<br \/> marchesano Francesco<br \/> BenedettiMaurizio<\/p>\n<p><strong>Persona autorizzata alla rappresentanza:<br \/><\/strong> Stevo Filinic<\/p>\n<\/div>\n<p>&#8221; content_phone=&#8221;<\/p>\n<h1>Informazioni sull\u2019azienda<\/h1>\n<div class=%22content_wrap content30%22>\n<p><strong><br \/>Crea\u0161anka dd<br \/> Societ\u00e0 per azioni della ristorazione, del turismo e del commercio <\/strong><\/p>\n<p><strong>Numero identificativo<\/strong> : 3044122<br \/><strong>OIB<\/strong> : 47639427219<br \/><strong>Tribunale del registro<\/strong> : tribunale commerciale di Fiume<br \/><strong>Sede centrale<\/strong> : Cres (Citt\u00e0 di Cres)<br \/>Varozina 25<br \/><strong>Forma giuridica<\/strong> : societ\u00e0 per azioni<br \/><strong>Capitale di base<\/strong> : 10.316.168,00 \u20ac<br \/><strong>Conto Giro &#8211; IBAN:<\/strong> HR0824020061100386896 \/ Erste Steierm\u00e4rkische bank dd.<\/p>\n<p><strong>Presidente del Consiglio di Sorveglianza<\/strong> :<br \/> Lino Sincic<\/p>\n<p><strong>Membri del consiglio di sorveglianza:<br \/><\/strong> Andrea Mario<br \/> Andrea Marco<br \/> marchesano Francesco<br \/> BenedettiMaurizio<\/p>\n<p><strong>Persona autorizzata alla rappresentanza:<br \/><\/strong> Stevo Filinic<\/p>\n<\/div>\n<p>&#8221; content_last_edited=&#8221;on|phone&#8221; _builder_version=&#8221;4.27.0&#8243; _module_preset=&#8221;default&#8221; text_text_color=&#8221;#000000&#8243; text_letter_spacing=&#8221;0.5px&#8221; header_4_letter_spacing=&#8221;1px&#8221; header_4_line_height=&#8221;2em&#8221; hover_enabled=&#8221;0&#8243; global_colors_info=&#8221;{}&#8221; sticky_enabled=&#8221;0&#8243;]<\/p>\n<h1>Informazioni sull\u2019azienda<\/h1>\n<div class=\"content_wrap content30\">\n<p><strong>Crea\u0161anka dd<br \/> Societ\u00e0 per azioni della ristorazione, del turismo e del commercio <\/strong><\/p>\n<p><strong>Numero identificativo<\/strong> : 3044122<br \/> <strong>OIB<\/strong> : 47639427219<br \/> <strong>Tribunale del registro<\/strong> : tribunale commerciale di Fiume<br \/> <strong>Sede centrale<\/strong> : Cres (Citt\u00e0 di Cres)<br \/> Varozina 25<br \/> <strong>Forma giuridica<\/strong> : societ\u00e0 per azioni<br \/> <strong>Capitale di base<\/strong> : \u20ac 10.316.168,00<br \/> <strong>Conto Giro &#8211; IBAN:<\/strong> HR0824020061100386896 \/ Erste Steierm\u00e4rkische bank dd.<\/p>\n<p><strong>Presidente del Consiglio di Sorveglianza<\/strong> :<br \/> Lino Sincic<\/p>\n<p><strong>Membri del consiglio di sorveglianza:<br \/><\/strong> Andrea Mario<br \/> Andrea Marco<br \/> marchesano Francesco<br \/> Andretta Massimiliano<\/p>\n<p><strong>Persona autorizzata alla rappresentanza:<br \/><\/strong> Stevo Filinic<\/p>\n<\/div>\n<p>[\/et_pb_text][\/et_pb_column][et_pb_column type=&#8221;1_4&#8243; _builder_version=&#8221;4.18.0&#8243; _module_preset=&#8221;default&#8221; global_colors_info=&#8221;{}&#8221;][\/et_pb_column][\/et_pb_row][\/et_pb_section]<\/p>\n","protected":false},"excerpt":{"rendered":"<p>Chi siamo Con oltre 50 anni di tradizione e attivit\u00e0 nel settore del turismo, la societ\u00e0 Cresanka \u00e8 stata il precursore dei viaggi turistici sull\u2019isola di Cherso (Cres).Seguiamo le tendenze e le esigenze attuali del mercato turistico, ma al contempo coltiviamo la secolare tradizione chersina e gli elementi autoctoni che rendono quest\u2019isola e i suoi abitanti cos\u00ec speciali. Lavoriamo ininterrottamente per migliorare la qualit\u00e0 e la ricchezza dei nostri servizi, adoperandoci affinch\u00e9 ogni ospite trovi, tra le piante mediterranee con la vista sul mare cristallino, proprio quelle attivit\u00e0 che arricchiranno al meglio le sue vacanze. Desideriamo che dall\u2019isola rientriate pieni di nuove esperienze. La nostra missione \u00e8 quella di donarvi, grazie ai benefici del paesaggio naturale e dell\u2019ambiente autoctono di Cherso, una visione completamente nuova della vita. La nostra crescente competitivit\u00e0 \u00e8 dovuta anche all\u2019eccellente qualit\u00e0 basata sulle risorse naturali e sull\u2019integrazione di dettagli autoctoni nella vostra esperienza. Inoltre, siamo diventati un\u2019oasi eco-friendly dove tutto \u00e8 adibito alla salvaguardia delle risorse naturali, della salute della persona e del benessere, allo scopo di risvegliare tutti i sensi umani.Immergetevi in un\u2019esperienza che vi cambier\u00e0 la vita Informazioni sull\u2019azienda Crea\u0161anka dd Societ\u00e0 per azioni della ristorazione, del turismo e del commercio Numero identificativo [&hellip;]<\/p>\n","protected":false},"author":1,"featured_media":0,"parent":0,"menu_order":0,"comment_status":"closed","ping_status":"closed","template":"","meta":{"_et_pb_use_builder":"on","_et_pb_old_content":"","_et_gb_content_width":"","footnotes":""},"class_list":["post-1174","page","type-page","status-publish","hentry"],"_links":{"self":[{"href":"https:\/\/cresanka.hr\/it\/wp-json\/wp\/v2\/pages\/1174","targetHints":{"allow":["GET"]}}],"collection":[{"href":"https:\/\/cresanka.hr\/it\/wp-json\/wp\/v2\/pages"}],"about":[{"href":"https:\/\/cresanka.hr\/it\/wp-json\/wp\/v2\/types\/page"}],"author":[{"embeddable":true,"href":"https:\/\/cresanka.hr\/it\/wp-json\/wp\/v2\/users\/1"}],"replies":[{"embeddable":true,"href":"https:\/\/cresanka.hr\/it\/wp-json\/wp\/v2\/comments?post=1174"}],"version-history":[{"count":15,"href":"https:\/\/cresanka.hr\/it\/wp-json\/wp\/v2\/pages\/1174\/revisions"}],"predecessor-version":[{"id":2158,"href":"https:\/\/cresanka.hr\/it\/wp-json\/wp\/v2\/pages\/1174\/revisions\/2158"}],"wp:attachment":[{"href":"https:\/\/cresanka.hr\/it\/wp-json\/wp\/v2\/media?parent=1174"}],"curies":[{"name":"wp","href":"https:\/\/api.w.org\/{rel}","templated":true}]}}

<p>[et_pb_section fb_built=&#8221;1&#8243; next_background_color=&#8221;#ffffff&#8221; module_class=&#8221;dh-valign-center-section&#8221; _builder_version=&#8221;4.18.0&#8243; background_color=&#8221;gcid-85037172-fba5-40c1-a92b-f6674d6e47fd&#8221; background_image=&#8221;https://cresanka.hr/wp-content/uploads/2022/08/o-nama-cresanka.webp&#8221; background_position=&#8221;bottom_center&#8221; background_blend=&#8221;multiply&#8221; height=&#8221;80vh&#8221; height_tablet=&#8221;80vh&#8221; height_phone=&#8221;100vh&#8221; height_last_edited=&#8221;on|phone&#8221; bottom_divider_style=&#8221;asymmetric&#8221; bottom_divider_flip=&#8221;vertical|horizontal&#8221; bottom_divider_height_tablet=&#8221;&#8221; bottom_divider_height_phone=&#8221;50px&#8221; bottom_divider_height_last_edited=&#8221;on|phone&#8221; collapsed=&#8221;on&#8221; global_colors_info=&#8221;{%22gcid-85037172-fba5-40c1-a92b-f6674d6e47fd%22:%91%22background_color%22%93}&#8221;][et_pb_row _builder_version=&#8221;4.18.0&#8243; background_size=&#8221;initial&#8221; background_position=&#8221;top_left&#8221; background_repeat=&#8221;repeat&#8221; width=&#8221;55%&#8221; width_tablet=&#8221;55%&#8221; width_phone=&#8221;80%&#8221; width_last_edited=&#8221;on|phone&#8221; global_colors_info=&#8221;{}&#8221;][et_pb_column type=&#8221;4_4&#8243; _builder_version=&#8221;4.16&#8243; custom_padding=&#8221;|||&#8221; global_colors_info=&#8221;{}&#8221; custom_padding__hover=&#8221;|||&#8221;][et_pb_text _builder_version=&#8221;4.18.0&#8243; text_text_color=&#8221;#FFFFFF&#8221; header_font=&#8221;|300|||||||&#8221; header_text_color=&#8221;#FFFFFF&#8221; header_font_size=&#8221;4em&#8221; header_letter_spacing=&#8221;1px&#8221; header_4_font=&#8221;||||||||&#8221; header_4_text_color=&#8221;#FFFFFF&#8221; header_4_letter_spacing=&#8221;1px&#8221; header_4_line_height=&#8221;1.8em&#8221; header_5_text_color=&#8221;#FFFFFF&#8221; header_5_letter_spacing=&#8221;0.5px&#8221; header_5_line_height=&#8221;1.8em&#8221; header_6_font=&#8221;|800||on|||||&#8221; header_6_text_align=&#8221;left&#8221; header_6_text_color=&#8221;#FFFFFF&#8221; header_6_font_size=&#8221;1em&#8221; header_6_letter_spacing=&#8221;4px&#8221; header_6_line_height=&#8221;2em&#8221; background_size=&#8221;initial&#8221; background_position=&#8221;top_left&#8221; background_repeat=&#8221;repeat&#8221; header_5_font_size_tablet=&#8221;&#8221; header_5_font_size_phone=&#8221;1.2em&#8221; header_5_font_size_last_edited=&#8221;on|phone&#8221; header_5_line_height_tablet=&#8221;1.8em&#8221; header_5_line_height_phone=&#8221;1.4em&#8221; header_5_line_height_last_edited=&#8221;on|phone&#8221; global_colors_info=&#8221;{}&#8221;]</p>
<h6>Chi siamo</h6>
<h5>Con oltre 50 anni di tradizione e attività nel settore del turismo, la società Cresanka è stata il precursore dei viaggi turistici sull’isola di Cherso (Cres).</h5>
<p>[/et_pb_text][/et_pb_column][/et_pb_row][/et_pb_section][et_pb_section fb_built=&#8221;1&#8243; _builder_version=&#8221;4.18.0&#8243; _module_preset=&#8221;default&#8221; custom_padding=&#8221;0px||||false|false&#8221; collapsed=&#8221;on&#8221; global_colors_info=&#8221;{}&#8221;][et_pb_row column_structure=&#8221;3_4,1_4&#8243; _builder_version=&#8221;4.18.0&#8243; _module_preset=&#8221;default&#8221; width=&#8221;55%&#8221; width_tablet=&#8221;55%&#8221; width_phone=&#8221;80%&#8221; width_last_edited=&#8221;on|phone&#8221; border_color_bottom=&#8221;gcid-85037172-fba5-40c1-a92b-f6674d6e47fd&#8221; global_colors_info=&#8221;{%22gcid-85037172-fba5-40c1-a92b-f6674d6e47fd%22:%91%22border_color_bottom%22%93}&#8221;][et_pb_column type=&#8221;3_4&#8243; _builder_version=&#8221;4.18.0&#8243; _module_preset=&#8221;default&#8221; global_colors_info=&#8221;{}&#8221;][et_pb_text _builder_version=&#8221;4.18.0&#8243; _module_preset=&#8221;default&#8221; text_text_color=&#8221;#000000&#8243; text_letter_spacing=&#8221;0.5px&#8221; header_4_letter_spacing=&#8221;1px&#8221; header_4_line_height=&#8221;2em&#8221; global_colors_info=&#8221;{}&#8221;]</p>
<p>Seguiamo le tendenze e le esigenze attuali del mercato turistico, ma al contempo coltiviamo la secolare tradizione chersina e gli elementi autoctoni che rendono quest’isola e i suoi abitanti così speciali.</p>
<p>Lavoriamo ininterrottamente per migliorare la qualità e la ricchezza dei nostri servizi, adoperandoci affinché ogni ospite trovi, tra le piante mediterranee con la vista sul mare cristallino, proprio quelle attività che arricchiranno al meglio le sue vacanze.</p>
<p>Desideriamo che dall’isola rientriate pieni di nuove esperienze. La nostra missione è quella di donarvi, grazie ai benefici del paesaggio naturale e dell’ambiente autoctono di Cherso, una visione completamente nuova della vita.</p>
<p>La nostra crescente competitività è dovuta anche all’eccellente qualità basata sulle risorse naturali e sull’integrazione di dettagli autoctoni nella vostra esperienza. Inoltre, siamo diventati un’oasi eco-friendly dove tutto è adibito alla salvaguardia delle risorse naturali, della salute della persona e del benessere, allo scopo di risvegliare tutti i sensi umani.</p>
<p>[/et_pb_text][et_pb_text _builder_version=&#8221;4.18.0&#8243; _module_preset=&#8221;default&#8221; text_text_color=&#8221;#000000&#8243; text_font_size=&#8221;2em&#8221; custom_margin=&#8221;100px||||false|false&#8221; text_line_height_tablet=&#8221;&#8221; text_line_height_phone=&#8221;1.4em&#8221; text_line_height_last_edited=&#8221;on|phone&#8221; global_colors_info=&#8221;{}&#8221;]</p>
<p><em>Immergetevi in un’esperienza che vi cambierà la vita </em></p>
<p>[/et_pb_text][/et_pb_column][et_pb_column type=&#8221;1_4&#8243; _builder_version=&#8221;4.18.0&#8243; _module_preset=&#8221;default&#8221; global_colors_info=&#8221;{}&#8221;][/et_pb_column][/et_pb_row][/et_pb_section][et_pb_section fb_built=&#8221;1&#8243; module_id=&#8221;Azienda&#8221; _builder_version=&#8221;4.18.0&#8243; _module_preset=&#8221;default&#8221; collapsed=&#8221;off&#8221; global_colors_info=&#8221;{}&#8221;][et_pb_row column_structure=&#8221;3_4,1_4&#8243; _builder_version=&#8221;4.18.0&#8243; _module_preset=&#8221;default&#8221; width=&#8221;55%&#8221; width_tablet=&#8221;55%&#8221; width_phone=&#8221;80%&#8221; width_last_edited=&#8221;on|phone&#8221; border_color_bottom=&#8221;gcid-85037172-fba5-40c1-a92b-f6674d6e47fd&#8221; locked=&#8221;off&#8221; collapsed=&#8221;off&#8221; global_colors_info=&#8221;{%22gcid-85037172-fba5-40c1-a92b-f6674d6e47fd%22:%91%22border_color_bottom%22%93}&#8221;][et_pb_column type=&#8221;3_4&#8243; _builder_version=&#8221;4.18.0&#8243; _module_preset=&#8221;default&#8221; global_colors_info=&#8221;{}&#8221;][et_pb_text content_tablet=&#8221;</p>
<h1>Informazioni sull’azienda</h1>
<div class=%22content_wrap content30%22>
<p><strong>Creašanka dd<br /> Società per azioni della ristorazione, del turismo e del commercio </strong></p>
<p><strong>Numero identificativo</strong> : 3044122<br /> <strong>OIB</strong> : 47639427219<br /> <strong>Tribunale del registro</strong> : Tribunale commerciale di Fiume<br /> <strong>Sede centrale</strong> : Cres (Città di Cres)<br /> Varozina 25<br /> <strong>Forma giuridica</strong> : società per azioni<br /> <strong>Capitale di base</strong> : 54.188.860,00 HRK<br /> <strong>Conto Giro &#8211; IBAN:</strong> HR0824020061100386896 / Erste Steiermärkische bank dd.</p>
<p><strong>Presidente del Consiglio di Sorveglianza</strong> :<br /> Lino Sincic</p>
<p><strong>Membri del consiglio di sorveglianza:<br /></strong> Andrea Mario<br /> Andrea Marco<br /> marchesano Francesco<br /> BenedettiMaurizio</p>
<p><strong>Persona autorizzata alla rappresentanza:<br /></strong> Stevo Filinic</p>
</div>
<p>&#8221; content_phone=&#8221;</p>
<h1>Informazioni sull’azienda</h1>
<div class=%22content_wrap content30%22>
<p><strong><br />Creašanka dd<br /> Società per azioni della ristorazione, del turismo e del commercio </strong></p>
<p><strong>Numero identificativo</strong> : 3044122<br /><strong>OIB</strong> : 47639427219<br /><strong>Tribunale del registro</strong> : tribunale commerciale di Fiume<br /><strong>Sede centrale</strong> : Cres (Città di Cres)<br />Varozina 25<br /><strong>Forma giuridica</strong> : società per azioni<br /><strong>Capitale di base</strong> : 10.316.168,00 €<br /><strong>Conto Giro &#8211; IBAN:</strong> HR0824020061100386896 / Erste Steiermärkische bank dd.</p>
<p><strong>Presidente del Consiglio di Sorveglianza</strong> :<br /> Lino Sincic</p>
<p><strong>Membri del consiglio di sorveglianza:<br /></strong> Andrea Mario<br /> Andrea Marco<br /> marchesano Francesco<br /> BenedettiMaurizio</p>
<p><strong>Persona autorizzata alla rappresentanza:<br /></strong> Stevo Filinic</p>
</div>
<p>&#8221; content_last_edited=&#8221;on|phone&#8221; _builder_version=&#8221;4.27.0&#8243; _module_preset=&#8221;default&#8221; text_text_color=&#8221;#000000&#8243; text_letter_spacing=&#8221;0.5px&#8221; header_4_letter_spacing=&#8221;1px&#8221; header_4_line_height=&#8221;2em&#8221; hover_enabled=&#8221;0&#8243; global_colors_info=&#8221;{}&#8221; sticky_enabled=&#8221;0&#8243;]</p>
<h1>Informazioni sull’azienda</h1>
<div class="content_wrap content30">
<p><strong>Creašanka dd<br /> Società per azioni della ristorazione, del turismo e del commercio </strong></p>
<p><strong>Numero identificativo</strong> : 3044122<br /> <strong>OIB</strong> : 47639427219<br /> <strong>Tribunale del registro</strong> : tribunale commerciale di Fiume<br /> <strong>Sede centrale</strong> : Cres (Città di Cres)<br /> Varozina 25<br /> <strong>Forma giuridica</strong> : società per azioni<br /> <strong>Capitale di base</strong> : € 10.316.168,00<br /> <strong>Conto Giro &#8211; IBAN:</strong> HR0824020061100386896 / Erste Steiermärkische bank dd.</p>
<p><strong>Presidente del Consiglio di Sorveglianza</strong> :<br /> Lino Sincic</p>
<p><strong>Membri del consiglio di sorveglianza:<br /></strong> Andrea Mario<br /> Andrea Marco<br /> marchesano Francesco<br /> Andretta Massimiliano</p>
<p><strong>Persona autorizzata alla rappresentanza:<br /></strong> Stevo Filinic</p>
</div>
<p>[/et_pb_text][/et_pb_column][et_pb_column type=&#8221;1_4&#8243; _builder_version=&#8221;4.18.0&#8243; _module_preset=&#8221;default&#8221; global_colors_info=&#8221;{}&#8221;][/et_pb_column][/et_pb_row][/et_pb_section]</p>

<p>Chi siamo Con oltre 50 anni di tradizione e attività nel settore del turismo, la società Cresanka è stata il precursore dei viaggi turistici sull’isola di Cherso (Cres).Seguiamo le tendenze e le esigenze attuali del mercato turistico, ma al contempo coltiviamo la secolare tradizione chersina e gli elementi autoctoni che rendono quest’isola e i suoi abitanti così speciali. Lavoriamo ininterrottamente per migliorare la qualità e la ricchezza dei nostri servizi, adoperandoci affinché ogni ospite trovi, tra le piante mediterranee con la vista sul mare cristallino, proprio quelle attività che arricchiranno al meglio le sue vacanze. Desideriamo che dall’isola rientriate pieni di nuove esperienze. La nostra missione è quella di donarvi, grazie ai benefici del paesaggio naturale e dell’ambiente autoctono di Cherso, una visione completamente nuova della vita. La nostra crescente competitività è dovuta anche all’eccellente qualità basata sulle risorse naturali e sull’integrazione di dettagli autoctoni nella vostra esperienza. Inoltre, siamo diventati un’oasi eco-friendly dove tutto è adibito alla salvaguardia delle risorse naturali, della salute della persona e del benessere, allo scopo di risvegliare tutti i sensi umani.Immergetevi in un’esperienza che vi cambierà la vita Informazioni sull’azienda Creašanka dd Società per azioni della ristorazione, del turismo e del commercio Numero identificativo [&hellip;]</p>
